{"id":2630,"date":"2017-05-29T22:01:29","date_gmt":"2017-05-29T22:01:29","guid":{"rendered":"http:\/\/ld-wp.template-help.com\/rockthemes\/15599\/?page_id=54"},"modified":"2024-03-26T21:18:27","modified_gmt":"2024-03-26T20:18:27","slug":"home-2","status":"publish","type":"page","link":"http:\/\/www.s4s.rs\/","title":{"rendered":"PO\u010cETNA"},"content":{"rendered":"\t\t<div data-elementor-type=\"wp-post\" data-elementor-id=\"2630\" class=\"elementor elementor-2630\" data-elementor-settings=\"[]\">\n\t\t\t<div class=\"elementor-inner\">\n\t\t\t\t<div class=\"elementor-section-wrap\">\n\t\t\t\t\t\t\t<section class=\"elementor-element elementor-element-8443086 elementor-section-full_width elementor-section-height-default elementor-section-height-default elementor-section elementor-top-section\" data-id=\"8443086\" data-element_type=\"section\">\n\t\t\t\t\t\t<div class=\"elementor-container elementor-column-gap-no\">\n\t\t\t\t<div class=\"elementor-row\">\n\t\t\t\t<div class=\"elementor-element elementor-element-5e0a3c0 elementor-column elementor-col-100 elementor-top-column\" data-id=\"5e0a3c0\" data-element_type=\"column\">\n\t\t\t<div class=\"elementor-column-wrap  elementor-element-populated\">\n\t\t\t\t\t<div class=\"elementor-widget-wrap\">\n\t\t\t\t<div class=\"elementor-element elementor-element-5d791d5 elementor-widget elementor-widget-jet-slider\" data-id=\"5d791d5\" data-element_type=\"widget\" data-widget_type=\"jet-slider.default\">\n\t\t\t\t<div class=\"elementor-widget-container\">\n\t\t\t<div class=\"elementor-jet-slider jet-elements\">\n<div class=\"jet-slider jet-slider__image-exact\" data-settings='{\"sliderWidth\":{\"unit\":\"%\",\"size\":100,\"sizes\":[]},\"sliderHeight\":{\"unit\":\"px\",\"size\":825,\"sizes\":[]},\"sliderHeightTablet\":{\"unit\":\"px\",\"size\":\"\",\"sizes\":[]},\"sliderHeightMobile\":{\"unit\":\"px\",\"size\":600,\"sizes\":[]},\"sliderNavigation\":false,\"sliderNavigationIcon\":\"jet-slider__arrow-icon-5d791d5\",\"sliderNaviOnHover\":false,\"sliderPagination\":false,\"sliderAutoplay\":false,\"sliderAutoplayDelay\":5000,\"sliderAutoplayOnHover\":\"stop\",\"sliderFullScreen\":false,\"sliderFullscreenIcon\":\"jet-slider__fullscreen-icon-5d791d5\",\"sliderShuffle\":false,\"sliderLoop\":false,\"sliderFadeMode\":true,\"slideDistance\":{\"unit\":\"px\",\"size\":0,\"sizes\":[]},\"slideDuration\":500,\"imageScaleMode\":\"exact\",\"thumbnails\":false,\"thumbnailWidth\":120,\"thumbnailWidthTablet\":\"\",\"thumbnailWidthMobile\":\"\",\"thumbnailHeight\":80,\"thumbnailHeightTablet\":\"\",\"thumbnailHeightMobile\":\"\",\"rightToLeft\":false}'>\n\t\n<div class=\"slider-pro\"><div class=\"jet-slider__arrow-icon-5d791d5 hidden-html\"><\/div><div class=\"jet-slider__fullscreen-icon-5d791d5 hidden-html\"><\/div><div class=\"jet-slider__items sp-slides\">\n\n<div class=\"jet-slider__item sp-slide\"><img class=\"sp-image\" src=\"http:\/\/www.s4s.rs\/wp-content\/uploads\/2018\/01\/slide-2-bg-1024x441.jpg\" alt=\"slide-2-bg\"><div class=\"jet-slider__content sp-layer\" data-position=\"centerCenter\" data-width=\"100%\" data-height=\"100%\" data-horizontal=\"0%\" data-show-transition=\"up\" data-show-duration=\"400\" data-show-delay=\"400\">\n\t\t<div class=\"jet-slider__content-item\">\n\t\t\t<div class=\"jet-slider__content-inner\"><h5 class=\"jet-slider__title\">VA\u0160 PARTNER U<\/h5><h5 class=\"jet-slider__subtitle\">DIGITALNOJ TRANSFORMACIJI<\/h5><div class=\"jet-slider__desc\">Obezbe\u0111ujemo razvoj IT re\u0161enja po meri preduze\u0107a svih obima.<br><\/div>\n\t\t\t\t\t\t<div class=\"jet-slider__button-wrapper\">\t\t\t\t\t\t<\/div><\/div>\n\t\t<\/div>\n\t<\/div>\n<\/div>\n\n<\/div>\n<\/div>\n<\/div>\n<\/div>\t\t<\/div>\n\t\t\t\t<\/div>\n\t\t\t\t\t\t<\/div>\n\t\t\t<\/div>\n\t\t<\/div>\n\t\t\t\t\t\t<\/div>\n\t\t\t<\/div>\n\t\t<\/section>\n\t\t\t\t<section class=\"elementor-element elementor-element-1dff066 elementor-section-boxed elementor-section-height-default elementor-section-height-default elementor-section elementor-top-section\" data-id=\"1dff066\" data-element_type=\"section\" data-settings=\"{&quot;background_background&quot;:&quot;classic&quot;}\">\n\t\t\t\t\t\t<div class=\"elementor-container elementor-column-gap-default\">\n\t\t\t\t<div class=\"elementor-row\">\n\t\t\t\t<div class=\"elementor-element elementor-element-70fb672 elementor-column elementor-col-100 elementor-top-column\" data-id=\"70fb672\" data-element_type=\"column\">\n\t\t\t<div class=\"elementor-column-wrap  elementor-element-populated\">\n\t\t\t\t\t<div class=\"elementor-widget-wrap\">\n\t\t\t\t<section class=\"elementor-element elementor-element-1c2a85f elementor-section-boxed elementor-section-height-default elementor-section-height-default elementor-invisible elementor-section elementor-inner-section\" data-id=\"1c2a85f\" data-element_type=\"section\" data-settings=\"{&quot;animation&quot;:&quot;fadeInDown&quot;}\">\n\t\t\t\t\t\t<div class=\"elementor-container elementor-column-gap-default\">\n\t\t\t\t<div class=\"elementor-row\">\n\t\t\t\t<div class=\"elementor-element elementor-element-3e2a2f3 elementor-column elementor-col-50 elementor-inner-column\" data-id=\"3e2a2f3\" data-element_type=\"column\">\n\t\t\t<div class=\"elementor-column-wrap  elementor-element-populated\">\n\t\t\t\t\t<div class=\"elementor-widget-wrap\">\n\t\t\t\t<div class=\"elementor-element elementor-element-224be07 elementor-widget elementor-widget-heading\" data-id=\"224be07\" data-element_type=\"widget\" data-widget_type=\"heading.default\">\n\t\t\t\t<div class=\"elementor-widget-container\">\n\t\t\t<h2 class=\"elementor-heading-title elementor-size-default\">O NAMA<\/h2>\t\t<\/div>\n\t\t\t\t<\/div>\n\t\t\t\t<div class=\"elementor-element elementor-element-ff1e549 elementor-widget elementor-widget-jet-headline\" data-id=\"ff1e549\" data-element_type=\"widget\" data-widget_type=\"jet-headline.default\">\n\t\t\t\t<div class=\"elementor-widget-container\">\n\t\t\t<h2 class=\"jet-headline jet-headline--direction-vertical\"><span class=\"jet-headline__part jet-headline__first\"><span class=\"jet-headline__label\">UKRATKO O<br><\/span><\/span><span class=\"jet-headline__part jet-headline__second\"><span class=\"jet-headline__label\">SOFT4SMART<\/span><\/span><\/h2>\t\t<\/div>\n\t\t\t\t<\/div>\n\t\t\t\t\t\t<\/div>\n\t\t\t<\/div>\n\t\t<\/div>\n\t\t\t\t<div class=\"elementor-element elementor-element-a3a67cb elementor-column elementor-col-50 elementor-inner-column\" data-id=\"a3a67cb\" data-element_type=\"column\">\n\t\t\t<div class=\"elementor-column-wrap  elementor-element-populated\">\n\t\t\t\t\t<div class=\"elementor-widget-wrap\">\n\t\t\t\t<div class=\"elementor-element elementor-element-d9e208f elementor-widget elementor-widget-spacer\" data-id=\"d9e208f\" data-element_type=\"widget\" data-widget_type=\"spacer.default\">\n\t\t\t\t<div class=\"elementor-widget-container\">\n\t\t\t\t\t<div class=\"elementor-spacer\">\n\t\t\t<div class=\"elementor-spacer-inner\"><\/div>\n\t\t<\/div>\n\t\t\t\t<\/div>\n\t\t\t\t<\/div>\n\t\t\t\t<div class=\"elementor-element elementor-element-f02af61 elementor-widget elementor-widget-text-editor\" data-id=\"f02af61\" data-element_type=\"widget\" data-widget_type=\"text-editor.default\">\n\t\t\t\t<div class=\"elementor-widget-container\">\n\t\t\t\t\t<div class=\"elementor-text-editor elementor-clearfix\"><p>Isporu\u010dujemo visokotehnolo\u0161ka re\u0161enja po meri na\u0161ih klijenata, tako da ni jedan izazov nije prevelik i ni jedan zahtev premali. Smatramo da na ovaj na\u010din pobolj\u0161avamo na\u010din na koji funkcioni\u0161u doprinosimo vrednostima koje kreiraju.<br \/>Pru\u017eamo pun spektar IT usluga \u2013 posve\u0107ene timove, razvoj proizvoda, R&amp;D i konsultacije&#8230;<\/p><\/div>\n\t\t\t\t<\/div>\n\t\t\t\t<\/div>\n\t\t\t\t\t\t<\/div>\n\t\t\t<\/div>\n\t\t<\/div>\n\t\t\t\t\t\t<\/div>\n\t\t\t<\/div>\n\t\t<\/section>\n\t\t\t\t\t\t<\/div>\n\t\t\t<\/div>\n\t\t<\/div>\n\t\t\t\t\t\t<\/div>\n\t\t\t<\/div>\n\t\t<\/section>\n\t\t\t\t<section class=\"elementor-element elementor-element-aac1558 elementor-section-boxed elementor-section-height-default elementor-section-height-default elementor-section elementor-top-section\" data-id=\"aac1558\" data-element_type=\"section\">\n\t\t\t\t\t\t<div class=\"elementor-container elementor-column-gap-default\">\n\t\t\t\t<div class=\"elementor-row\">\n\t\t\t\t<div class=\"elementor-element elementor-element-0159e5f elementor-column elementor-col-100 elementor-top-column\" data-id=\"0159e5f\" data-element_type=\"column\">\n\t\t\t<div class=\"elementor-column-wrap  elementor-element-populated\">\n\t\t\t\t\t<div class=\"elementor-widget-wrap\">\n\t\t\t\t<div class=\"elementor-element elementor-element-9ad6534 elementor-widget elementor-widget-heading\" data-id=\"9ad6534\" data-element_type=\"widget\" data-widget_type=\"heading.default\">\n\t\t\t\t<div class=\"elementor-widget-container\">\n\t\t\t<h2 class=\"elementor-heading-title elementor-size-default\">\u0160TA RADIMO<\/h2>\t\t<\/div>\n\t\t\t\t<\/div>\n\t\t\t\t<div class=\"elementor-element elementor-element-6eb4999 elementor-widget elementor-widget-jet-headline\" data-id=\"6eb4999\" data-element_type=\"widget\" data-widget_type=\"jet-headline.default\">\n\t\t\t\t<div class=\"elementor-widget-container\">\n\t\t\t<h2 class=\"jet-headline jet-headline--direction-vertical\"><span class=\"jet-headline__part jet-headline__first\"><span class=\"jet-headline__label\">NA\u0160E\n<\/span><\/span><span class=\"jet-headline__part jet-headline__second\"><span class=\"jet-headline__label\">KOMPETENCIJE<\/span><\/span><\/h2>\t\t<\/div>\n\t\t\t\t<\/div>\n\t\t\t\t\t\t<\/div>\n\t\t\t<\/div>\n\t\t<\/div>\n\t\t\t\t\t\t<\/div>\n\t\t\t<\/div>\n\t\t<\/section>\n\t\t\t\t<section class=\"elementor-element elementor-element-39afa65 elementor-section-boxed elementor-section-height-default elementor-section-height-default elementor-section elementor-top-section\" data-id=\"39afa65\" data-element_type=\"section\">\n\t\t\t\t\t\t<div class=\"elementor-container elementor-column-gap-default\">\n\t\t\t\t<div class=\"elementor-row\">\n\t\t\t\t<div class=\"elementor-element elementor-element-b35e568 elementor-column elementor-col-100 elementor-top-column\" data-id=\"b35e568\" data-element_type=\"column\">\n\t\t\t<div class=\"elementor-column-wrap  elementor-element-populated\">\n\t\t\t\t\t<div class=\"elementor-widget-wrap\">\n\t\t\t\t<section class=\"elementor-element elementor-element-ccc89bc elementor-section-boxed elementor-section-height-default elementor-section-height-default elementor-section elementor-inner-section\" data-id=\"ccc89bc\" data-element_type=\"section\">\n\t\t\t\t\t\t<div class=\"elementor-container elementor-column-gap-default\">\n\t\t\t\t<div class=\"elementor-row\">\n\t\t\t\t<div class=\"elementor-element elementor-element-e951643 elementor-column elementor-col-50 elementor-inner-column\" data-id=\"e951643\" data-element_type=\"column\">\n\t\t\t<div class=\"elementor-column-wrap  elementor-element-populated\">\n\t\t\t\t\t<div class=\"elementor-widget-wrap\">\n\t\t\t\t<div class=\"elementor-element elementor-element-ac614ee elementor-widget elementor-widget-e_image_hover_effects\" data-id=\"ac614ee\" data-element_type=\"widget\" id=\"soft-ing-img\" data-widget_type=\"e_image_hover_effects.default\">\n\t\t\t\t<div class=\"elementor-widget-container\">\n\t\t\t\t\t\t<a href=\"http:\/\/s4s.rs\/?page_id=2288\">\r\n\t\t\t\t\t<div class=\"eihe-box eihe-zoom-in eihe_center\">\r\n\t\t\t\t<img width=\"568\" height=\"496\" src=\"http:\/\/www.s4s.rs\/wp-content\/uploads\/2019\/03\/bgd_softverski_inzenjering.jpg\" class=\"attachment-full size-full\" alt=\"\" loading=\"lazy\" srcset=\"http:\/\/www.s4s.rs\/wp-content\/uploads\/2019\/03\/bgd_softverski_inzenjering.jpg 568w, http:\/\/www.s4s.rs\/wp-content\/uploads\/2019\/03\/bgd_softverski_inzenjering-300x262.jpg 300w, http:\/\/www.s4s.rs\/wp-content\/uploads\/2019\/03\/bgd_softverski_inzenjering-72x62.jpg 72w, http:\/\/www.s4s.rs\/wp-content\/uploads\/2019\/03\/bgd_softverski_inzenjering-400x349.jpg 400w, http:\/\/www.s4s.rs\/wp-content\/uploads\/2019\/03\/bgd_softverski_inzenjering-344x300.jpg 344w\" sizes=\"(max-width: 568px) 100vw, 568px\" \/>\t\t\t\t<div class=\"eihe-caption\">\r\n\t\t\t\t\t<div class=\"eihe-title-cover\">\r\n\t\t\t\t\t\t\t\t\t\t\t\t<h3 class=\"eihe-title\"><\/h3>\r\n\t\t\t\t\t\t\t\t\t\t\t<\/div>\r\n\t\t\t\t\t<p>Obezbe\u0111ujemo najrazli\u010ditije vrste softverskih re\u0161enja i proizvoda.\n\nSvaki softverski koncept, razvijamo od samog za\u010de\u0107a \u2013 ideje, pa sve do kompletnog re\u0161enja, bilo da se radi o novoj digitalnoj usluzi ili kompleksnom poslovnom re\u0161enju.<\/p>\r\n\t\t\t\t<\/div>\r\n\t\t\t<\/div>\r\n\t\t\t\t\t<\/a>\r\n\t\t\t\t<\/div>\n\t\t\t\t<\/div>\n\t\t\t\t\t\t<\/div>\n\t\t\t<\/div>\n\t\t<\/div>\n\t\t\t\t<div class=\"elementor-element elementor-element-9081ec2 elementor-column elementor-col-50 elementor-inner-column\" data-id=\"9081ec2\" data-element_type=\"column\">\n\t\t\t<div class=\"elementor-column-wrap  elementor-element-populated\">\n\t\t\t\t\t<div class=\"elementor-widget-wrap\">\n\t\t\t\t<div class=\"elementor-element elementor-element-0907bcb elementor-widget elementor-widget-e_image_hover_effects\" data-id=\"0907bcb\" data-element_type=\"widget\" id=\"teh-con-img\" data-widget_type=\"e_image_hover_effects.default\">\n\t\t\t\t<div class=\"elementor-widget-container\">\n\t\t\t\t\t\t<a href=\"http:\/\/s4s.rs\/?page_id=2286\">\r\n\t\t\t\t\t<div class=\"eihe-box eihe-zoom-in eihe_center\">\r\n\t\t\t\t<img width=\"568\" height=\"496\" src=\"http:\/\/www.s4s.rs\/wp-content\/uploads\/2019\/03\/bgd_tehnoloske_konsultacije.jpg\" class=\"attachment-full size-full\" alt=\"\" loading=\"lazy\" srcset=\"http:\/\/www.s4s.rs\/wp-content\/uploads\/2019\/03\/bgd_tehnoloske_konsultacije.jpg 568w, http:\/\/www.s4s.rs\/wp-content\/uploads\/2019\/03\/bgd_tehnoloske_konsultacije-300x262.jpg 300w, http:\/\/www.s4s.rs\/wp-content\/uploads\/2019\/03\/bgd_tehnoloske_konsultacije-72x62.jpg 72w, http:\/\/www.s4s.rs\/wp-content\/uploads\/2019\/03\/bgd_tehnoloske_konsultacije-400x349.jpg 400w, http:\/\/www.s4s.rs\/wp-content\/uploads\/2019\/03\/bgd_tehnoloske_konsultacije-344x300.jpg 344w\" sizes=\"(max-width: 568px) 100vw, 568px\" \/>\t\t\t\t<div class=\"eihe-caption\">\r\n\t\t\t\t\t<div class=\"eihe-title-cover\">\r\n\t\t\t\t\t\t\t\t\t\t\t\t<h3 class=\"eihe-title\"><\/h3>\r\n\t\t\t\t\t\t\t\t\t\t\t<\/div>\r\n\t\t\t\t\t<p>Prikladna i kvalitetna tehnolo\u0161ka podr\u0161ka je presudna podr\u0161ka rastu va\u0161eg poslovanja. Rad na pravim aktivnostima u pravo vreme je presudni faktor u efikasnosti i poslovnoj vrednosti svih poduhvata vezanih u IT sektoru. Sa pravom kombinacijom softvera i hardvera, uvek \u0107ete uspe\u0161no re\u0161avati i najte\u017ee poslovne izazove. Sa druge strane neadekvatna re\u0161enja i promene u neprikladno vreme \u0107e sasvim sigurno umanjiti va\u0161 uspeh.<\/p>\r\n\t\t\t\t<\/div>\r\n\t\t\t<\/div>\r\n\t\t\t\t\t<\/a>\r\n\t\t\t\t<\/div>\n\t\t\t\t<\/div>\n\t\t\t\t\t\t<\/div>\n\t\t\t<\/div>\n\t\t<\/div>\n\t\t\t\t\t\t<\/div>\n\t\t\t<\/div>\n\t\t<\/section>\n\t\t\t\t<section class=\"elementor-element elementor-element-2a68d09 elementor-section-boxed elementor-section-height-default elementor-section-height-default elementor-section elementor-inner-section\" data-id=\"2a68d09\" data-element_type=\"section\">\n\t\t\t\t\t\t<div class=\"elementor-container elementor-column-gap-default\">\n\t\t\t\t<div class=\"elementor-row\">\n\t\t\t\t<div class=\"elementor-element elementor-element-826b70d elementor-column elementor-col-50 elementor-inner-column\" data-id=\"826b70d\" data-element_type=\"column\">\n\t\t\t<div class=\"elementor-column-wrap  elementor-element-populated\">\n\t\t\t\t\t<div class=\"elementor-widget-wrap\">\n\t\t\t\t<div class=\"elementor-element elementor-element-d0f6985 elementor-widget elementor-widget-e_image_hover_effects\" data-id=\"d0f6985\" data-element_type=\"widget\" id=\"buss-analize-img\" data-widget_type=\"e_image_hover_effects.default\">\n\t\t\t\t<div class=\"elementor-widget-container\">\n\t\t\t\t\t\t<a href=\"http:\/\/s4s.rs\/?page_id=2290\">\r\n\t\t\t\t\t<div class=\"eihe-box eihe-zoom-in eihe_center\">\r\n\t\t\t\t<img width=\"568\" height=\"496\" src=\"http:\/\/www.s4s.rs\/wp-content\/uploads\/2019\/03\/bgd_poslovne_analize.jpg\" class=\"attachment-full size-full\" alt=\"\" loading=\"lazy\" srcset=\"http:\/\/www.s4s.rs\/wp-content\/uploads\/2019\/03\/bgd_poslovne_analize.jpg 568w, http:\/\/www.s4s.rs\/wp-content\/uploads\/2019\/03\/bgd_poslovne_analize-300x262.jpg 300w, http:\/\/www.s4s.rs\/wp-content\/uploads\/2019\/03\/bgd_poslovne_analize-72x62.jpg 72w, http:\/\/www.s4s.rs\/wp-content\/uploads\/2019\/03\/bgd_poslovne_analize-400x349.jpg 400w, http:\/\/www.s4s.rs\/wp-content\/uploads\/2019\/03\/bgd_poslovne_analize-344x300.jpg 344w\" sizes=\"(max-width: 568px) 100vw, 568px\" \/>\t\t\t\t<div class=\"eihe-caption\">\r\n\t\t\t\t\t<div class=\"eihe-title-cover\">\r\n\t\t\t\t\t\t\t\t\t\t\t\t<h3 class=\"eihe-title\"><\/h3>\r\n\t\t\t\t\t\t\t\t\t\t\t<\/div>\r\n\t\t\t\t\t<p>Steknite sigurnost u svoje poslovne ciljeve i prepustite nam da ih pretvorimo u gotova re\u0161enja. Poslovna analiza premo\u0161\u0107uje jaz izme\u0111u poslovnih ideja i tehnolo\u0161kih re\u0161enja. Ostvaruje se kroz niz aktivnosti koje Vam sve mi mo\u017eemo omogu\u0107iti. Procesni konsalting, otelotvorenje ideja i upravljanje zahtevima su samo neki od servisa koje su Vam na raspolaganju.<\/p>\r\n\t\t\t\t<\/div>\r\n\t\t\t<\/div>\r\n\t\t\t\t\t<\/a>\r\n\t\t\t\t<\/div>\n\t\t\t\t<\/div>\n\t\t\t\t\t\t<\/div>\n\t\t\t<\/div>\n\t\t<\/div>\n\t\t\t\t<div class=\"elementor-element elementor-element-00ccb9f elementor-column elementor-col-50 elementor-inner-column\" data-id=\"00ccb9f\" data-element_type=\"column\">\n\t\t\t<div class=\"elementor-column-wrap  elementor-element-populated\">\n\t\t\t\t\t<div class=\"elementor-widget-wrap\">\n\t\t\t\t<div class=\"elementor-element elementor-element-f749d82 elementor-widget elementor-widget-e_image_hover_effects\" data-id=\"f749d82\" data-element_type=\"widget\" id=\"test-control-img\" data-widget_type=\"e_image_hover_effects.default\">\n\t\t\t\t<div class=\"elementor-widget-container\">\n\t\t\t\t\t\t<a href=\"http:\/\/s4s.rs\/?page_id=2292\">\r\n\t\t\t\t\t<div class=\"eihe-box eihe-zoom-in eihe_center\">\r\n\t\t\t\t<img width=\"568\" height=\"496\" src=\"http:\/\/www.s4s.rs\/wp-content\/uploads\/2019\/03\/bgd_testiranje_kontrola.jpg\" class=\"attachment-full size-full\" alt=\"\" loading=\"lazy\" srcset=\"http:\/\/www.s4s.rs\/wp-content\/uploads\/2019\/03\/bgd_testiranje_kontrola.jpg 568w, http:\/\/www.s4s.rs\/wp-content\/uploads\/2019\/03\/bgd_testiranje_kontrola-300x262.jpg 300w, http:\/\/www.s4s.rs\/wp-content\/uploads\/2019\/03\/bgd_testiranje_kontrola-72x62.jpg 72w, http:\/\/www.s4s.rs\/wp-content\/uploads\/2019\/03\/bgd_testiranje_kontrola-400x349.jpg 400w, http:\/\/www.s4s.rs\/wp-content\/uploads\/2019\/03\/bgd_testiranje_kontrola-344x300.jpg 344w\" sizes=\"(max-width: 568px) 100vw, 568px\" \/>\t\t\t\t<div class=\"eihe-caption\">\r\n\t\t\t\t\t<div class=\"eihe-title-cover\">\r\n\t\t\t\t\t\t\t\t\t\t\t\t<h3 class=\"eihe-title\"><\/h3>\r\n\t\t\t\t\t\t\t\t\t\t\t<\/div>\r\n\t\t\t\t\t<p>Na\u0161 stru\u010dni tim \u0107e se postarati za to da va\u0161 softver bude siguran, skalabilan i pouzdan, kao i da korisnicima pru\u017ea besprekorno dobar UX. Fokusira\u0107e se na agilne prakse i po meri formulisane pristupe upravljanja kvalitetom kako bi se postigao visok nivo optimizacije i efikasnosti procesa testiranja. U saradnji sa Vama \u0107e uspostaviti temeljite i sveobuhvatne procese testiranja, koji \u0107e za rezultat imati pove\u0107anje kvaliteta i pomo\u0107i Vam da ispunite svoja o\u010dekivanja i o\u010dekivanja klijenata.<\/p>\r\n\t\t\t\t<\/div>\r\n\t\t\t<\/div>\r\n\t\t\t\t\t<\/a>\r\n\t\t\t\t<\/div>\n\t\t\t\t<\/div>\n\t\t\t\t\t\t<\/div>\n\t\t\t<\/div>\n\t\t<\/div>\n\t\t\t\t\t\t<\/div>\n\t\t\t<\/div>\n\t\t<\/section>\n\t\t\t\t\t\t<\/div>\n\t\t\t<\/div>\n\t\t<\/div>\n\t\t\t\t\t\t<\/div>\n\t\t\t<\/div>\n\t\t<\/section>\n\t\t\t\t\t\t<\/div>\n\t\t\t<\/div>\n\t\t<\/div>\n\t\t","protected":false},"excerpt":{"rendered":"<p>VA\u0160 PARTNER U DIGITALNOJ TRANSFORMACIJI Obezbe\u0111ujemo razvoj IT re\u0161enja po meri preduze\u0107a svih obima. O NAMA UKRATKO O SOFT4SMART Isporu\u010dujemo visokotehnolo\u0161ka re\u0161enja po meri na\u0161ih klijenata, tako da ni jedan izazov nije prevelik i ni jedan zahtev premali. Smatramo da na ovaj na\u010din pobolj\u0161avamo na\u010din na koji funkcioni\u0161u doprinosimo vrednostima koje kreiraju. Pru\u017eamo pun spektar &hellip;<\/p>\n","protected":false},"author":1,"featured_media":0,"parent":0,"menu_order":0,"comment_status":"closed","ping_status":"closed","template":"","meta":[],"_links":{"self":[{"href":"http:\/\/www.s4s.rs\/index.php?rest_route=\/wp\/v2\/pages\/2630"}],"collection":[{"href":"http:\/\/www.s4s.rs\/index.php?rest_route=\/wp\/v2\/pages"}],"about":[{"href":"http:\/\/www.s4s.rs\/index.php?rest_route=\/wp\/v2\/types\/page"}],"author":[{"embeddable":true,"href":"http:\/\/www.s4s.rs\/index.php?rest_route=\/wp\/v2\/users\/1"}],"replies":[{"embeddable":true,"href":"http:\/\/www.s4s.rs\/index.php?rest_route=%2Fwp%2Fv2%2Fcomments&post=2630"}],"version-history":[{"count":21,"href":"http:\/\/www.s4s.rs\/index.php?rest_route=\/wp\/v2\/pages\/2630\/revisions"}],"predecessor-version":[{"id":3966,"href":"http:\/\/www.s4s.rs\/index.php?rest_route=\/wp\/v2\/pages\/2630\/revisions\/3966"}],"wp:attachment":[{"href":"http:\/\/www.s4s.rs\/index.php?rest_route=%2Fwp%2Fv2%2Fmedia&parent=2630"}],"curies":[{"name":"wp","href":"https:\/\/api.w.org\/{rel}","templated":true}]}}